ds digit of 14012188?
1
What is the ten thousands digit of 1846393?
4
What is the hundreds digit of 455067?
0
What is the hundreds digit of 103002?
0
What is the thousands digit of 403073?
3
What is the millions digit of 1631119?
1
What is the hundred thousands digit of 223675?
2
What is the units digit of 478996?
6
What is the ten thousands digit of 9008344?
0
What is the units digit of 6141310?
0
What is the hundred thousands digit of 7571899?
5
What is the ten thousands digit of 1956066?
5
What is the thousands digit of 1582569?
2
What is the hundred thousands digit of 6107326?
1
What is the hundreds digit of 225461?
4
What is the ten thousands digit of 1506757?
0
What is the thousands digit of 3530564?
0
What is the hundred thousands digit of 261037?
2
What is the tens digit of 2318351?
5
What is the hundreds digit of 835815?
8
What is the tens digit of 921956?
5
What is the units digit of 10222039?
9
What is the hundreds digit of 2987397?
3
What is the thousands digit of 10519118?
9
What is the units digit of 15762714?
4
What is the hundreds digit of 1536249?
2
What is the millions digit of 3304641?
3
What is the tens digit of 80600?
0
What is the tens digit of 248?
4
What is the ten thousands digit of 2218005?
1
What is the units digit of 116242?
2
What is the units digit of 2043627?
7
What is the ten thousands digit of 241821?
4
What is the hundreds digit of 357879?
8
What is the hundred thousands digit of 819555?
8
What is the thousands digit of 4790445?
0
What is the units digit of 1154456?
6
What is the ten millions digit of 25553023?
2
What is the hundreds digit of 1160128?
1
What is the ten thousands digit of 2354406?
5
What is the ten thousands digit of 1067694?
6
What is the millions digit of 7427398?
7
What is the tens digit of 381439?
3
What is the units digit of 298916?
6
What is the hundred thousands digit of 6633622?
6
What is the ten thousands digit of 2329012?
2
What is the thousands digit of 3296796?
6
What is the tens digit of 182595?
9
What is the hundred thousands digit of 1902310?
9
What is the units digit of 77071?
1
What is the tens digit of 460632?
3
What is the thousands digit of 964082?
4
What is the hundred thousands digit of 6610470?
6
What is the hundred thousands digit of 348096?
3
What is the millions digit of 7348512?
7
What is the ten thousands digit of 7743883?
4
What is the millions digit of 4379384?
4
What is the ten thousands digit of 11796800?
9
What is the hundred thousands digit of 360991?
3
What is the hundreds digit of 365335?
3
What is the hundred thousands digit of 21348595?
3
What is the hundreds digit of 105804?
8
What is the ten thousands digit of 117402?
1
What is the ten thousands digit of 7090276?
9
What is the units digit of 7411490?
0
What is the millions digit of 17580962?
7
What is the thousands digit of 266247?
6
What is the hundred thousands digit of 150269?
1
What is the hundreds digit of 4913535?
5
What is the thousands digit of 3534017?
4
What is the thousands digit of 188786?
8
What is the tens digit of 448315?
1
What is the thousands digit of 507141?
7
What is the hundred thousands digit of 15147890?
1
What is the tens digit of 165458?
5
What is the tens digit of 754838?
3
What is the hundred thousands digit of 1880041?
8
What is the thousands digit of 268499?
8
What is the hundreds digit of 361060?
0
What is the tens digit of 95449?
4
What is the ten thousands digit of 3589861?
8
What is the ten thousands digit of 351401?
5
What is the units digit of 12385939?
9
What is the ten thousands digit of 288610?
8
What is the ten thousands digit of 4153420?
5
What is the units digit of 117125?
5
What is the tens digit of 101785?
8
What is the ten thousands digit of 1927319?
2
What is the thousands digit of 57523?
7
What is the thousands digit of 1754354?
4
What is the tens digit of 148188?
8
What is the hundred thousands digit of 11010437?
0
What is the thousands digit of 546639?
6
What is the hundreds digit of 36963?
9
What is the hundreds digit of 951187?
1
What is the thousands digit of 5621002?
1
What is the ten thousands digit of 7434056?
3
What is the millions digit of 12985196?
2
What is the hundreds digit of 7020062?
0
What is the units digit of 30087380?
0
What is the units digit of 194897?
7
What is the ten thousands digit of 1299727?
9
What is the hundreds digit of 472556?
5
What is the tens digit of 992054?
5
What is the hundred thousands digit of 288360?
2
What is the millions digit of 34726470?
4
What is the hundred thousands digit of 210086?
2
What is the tens digit of 62580?
8
What is the thousands digit of 4475154?
5
What is the tens digit of 524523?
2
What is the units digit of 8187207?
7
What is the hundreds digit of 906582?
5
What is the units digit of 2928172?
2
What is the hundred thousands digit of 12214441?
2
What is the hundreds digit of 6289218?
2
What is the thousands digit of 1300019?
0
What is the thousands digit of 230198?
0
What is the thousands digit of 148053?
8
What is the ten thousands digit of 226600?
2
What is the thousands digit of 162157?
2
What is the hundred thousands digit of 3700236?
7
What is the millions digit of 1815894?
1
What is the tens digit of 322411?
1
What is the hundred thousands digit of 14143642?
1
What is the ten thousands digit of 9140744?
4
What is the thousands digit of 3654600?
4
What is the units digit of 3004948?
8
What is the millions digit of 1510736?
1
What is the ten thousands digit of 5397708?
9
What is the units digit of 206454?
4
What is the hundred thousands digit of 369549?
3
What is the units digit of 345118?
8
What is the hundreds digit of 5894846?
8
What is the units digit of 33069?
9
What is the thousands digit of 845422?
5
What is the tens digit of 27900?
0
What is the units digit of 2721357?
7
What is the thousands digit of 185329?
5
What is the ten thousands digit of 3262103?
6
What is the ten thousands digit of 19559289?
5
What is the ten thousands digit of 201357?
0
What is the thousands digit of 115386?
5
What is the hundreds digit of 18270859?
8
What is the hundreds digit of 18393788?
7
What is the units digit of 186672?
2
What is the thousands digit of 402516?
2
What is the hundred thousands digit of 5693495?
6
What is the ten thousands digit of 968682?
6
What is the tens digit of 288172?
7
What is the hundreds digit of 124276?
2
What is the hundreds digit of 303993?
9
What is the thousands digit of 476383?
6
What is the units digit of 941454?
4
What is the units digit of 54955?
5
What is the ten thousands digit of 4514062?
1
What is the hundred thousands digit of 138422?
1
What is the tens digit of 603203?
0
What is the hundred thousands digit of 346587?
3
What is the ten thousands digit of 98037?
9
What is the ten thousands digit of 608956?
0
What is the units digit of 1459947?
7
What is the hundred thousands digit of 267750?
2
What is the units digit of 42038?
8
What is the ten thousands digit of 511917?
1
What is the hundreds digit of 22798118?
1
What is the tens digit of 23808?
0
What is the units digit of 2112269?
9
What is the units digit of 813433?
3
What is the hundred thousands digit of 355066?
3
What is the millions digit of 1670707?
1
What is the hundreds digit of 7670772?
7
What is the hundred thousands digit of 131129?
1
What is the ten thousands digit of 50176?
5
What is the ten thousands digit of 19776818?
7
What is the tens digit of 6485241?
4
What is the hundreds digit of 30977062?
0
What is the hundreds digit of 1720860?
8
What is the ten thousands digit of 5669586?
6
What is the ten thousands digit of 4580273?
8
What is the tens digit of 729847?
4
What is the thousands digit of 543145?
3
What is the millions digit of 1271344?
1
What is the units digit of 1038357?
7
What is the millions digit of 7846683?
7
What is the ten thousands digit of 64769?
6
What is the tens digit of 1823398?
9
What is the thousands digit of 97881?
7
What is the tens digit of 224253?
5
What is the thousands digit of 167678?
7
What is the millions digit of 2696186?
2
What is the ten thousands digit of 316880?
1
What is the ten thousands digit of 2526995?
2
What is the thousands digit of 25933?
5
What is the thousands digit of 6634?
6
What is the hundred thousands digit of 332045?
3
What is the hundred thou